actors of 967.
967
What are the prime factors of 235?
5, 47
What are the prime factors of 36903?
3, 12301
List the prime factors of 961.
31
What are the prime factors of 418?
2, 11, 19
What are the prime factors of 667?
23, 29
List the prime factors of 209.
11, 19
List the prime factors of 3072.
2, 3
What are the prime factors of 1552?
2, 97
List the prime factors of 50706.
2, 3, 313
What are the prime factors of 386?
2, 193
What are the prime factors of 258?
2, 3, 43
What are the prime factors of 4266?
2, 3, 79
What are the prime factors of 2585?
5, 11, 47
List the prime factors of 18774.
2, 3, 7, 149
List the prime factors of 12934.
2, 29, 223
What are the prime factors of 9218?
2, 11, 419
List the prime factors of 4906.
2, 11, 223
List the prime factors of 3837.
3, 1279
List the prime factors of 4808.
2, 601
List the prime factors of 12619.
12619
What are the prime factors of 25076?
2, 6269
What are the prime factors of 13240?
2, 5, 331
What are the prime factors of 1067?
11, 97
List the prime factors of 1360.
2, 5, 17
What are the prime factors of 125?
5
List the prime factors of 117507.
3, 13, 23, 131
List the prime factors of 43.
43
What are the prime factors of 1076?
2, 269
What are the prime factors of 308?
2, 7, 11
What are the prime factors of 361?
19
List the prime factors of 20859.
3, 17, 409
List the prime factors of 17497.
17497
What are the prime factors of 725?
5, 29
List the prime factors of 152.
2, 19
List the prime factors of 40306.
2, 7, 2879
What are the prime factors of 25285?
5, 13, 389
List the prime factors of 474.
2, 3, 79
What are the prime factors of 16049?
11, 1459
What are the prime factors of 2587?
13, 199
What are the prime factors of 421?
421
List the prime factors of 1351.
7, 193
What are the prime factors of 15682?
2, 7841
What are the prime factors of 1128?
2, 3, 47
List the prime factors of 132154.
2, 11, 6007
List the prime factors of 25409.
25409
What are the prime factors of 1258?
2, 17, 37
List the prime factors of 580.
2, 5, 29
List the prime factors of 10871.
7, 1553
List the prime factors of 2000.
2, 5
What are the prime factors of 35421?
3, 11807
List the prime factors of 4717.
53, 89
What are the prime factors of 1709?
1709
What are the prime factors of 238?
2, 7, 17
List the prime factors of 3465.
3, 5, 7, 11
What are the prime factors of 161818?
2, 80909
List the prime factors of 896.
2, 7
What are the prime factors of 776?
2, 97
What are the prime factors of 2278?
2, 17, 67
List the prime factors of 124131.
3, 7, 23, 257
What are the prime factors of 18663?
3, 6221
List the prime factors of 9418.
2, 17, 277
What are the prime factors of 2071?
19, 109
List the prime factors of 61.
61
What are the prime factors of 4080?
2, 3, 5, 17
List the prime factors of 53922.
2, 3, 11, 19, 43
List the prime factors of 14150.
2, 5, 283
What are the prime factors of 3934?
2, 7, 281
List the prime factors of 23815.
5, 11, 433
List the prime factors of 6448.
2, 13, 31
List the prime factors of 4011.
3, 7, 191
What are the prime factors of 40559?
40559
What are the prime factors of 25854?
2, 3, 31, 139
What are the prime factors of 79695?
3, 5, 7, 11, 23
What are the prime factors of 998?
2, 499
List the prime factors of 32438.
2, 7, 331
List the prime factors of 4339.
4339
List the prime factors of 133360.
2, 5, 1667
What are the prime factors of 229?
229
What are the prime factors of 7719?
3, 31, 83
List the prime factors of 122101.
7, 17443
What are the prime factors of 232?
2, 29
What are the prime factors of 5229?
3, 7, 83
List the prime factors of 27188.
2, 7, 971
List the prime factors of 141606.
2, 3, 7867
List the prime factors of 29.
29
List the prime factors of 16046.
2, 71, 113
List the prime factors of 441.
3, 7
What are the prime factors of 2645?
5, 23
What are the prime factors of 123?
3, 41
List the prime factors of 23420.
2, 5, 1171
What are the prime factors of 13806?
2, 3, 13, 59
List the prime factors of 2170.
2, 5, 7, 31
What are the prime factors of 22136?
2, 2767
What are the prime factors of 1847?
1847
What are the prime factors of 32966?
2, 53, 311
List the prime factors of 25888.
2, 809
What are the prime factors of 1575?
3, 5, 7
What are the prime factors of 1292?
2, 17, 19
What are the prime factors of 73?
73
List the prime factors of 19443.
3, 6481
What are the prime factors of 25714?
2, 13, 23, 43
What are the prime factors of 3633?
3, 7, 173
List the prime factors of 33286.
2, 11, 17, 89
What are the prime factors of 18107?
19, 953
List the prime factors of 106644.
2, 3, 8887
List the prime factors of 13167.
3, 7, 11, 19
List the prime factors of 93.
3, 31
What are the prime factors of 1128?
2, 3, 47
List the prime factors of 3711.
3, 1237
List the prime factors of 767.
13, 59
What are the prime factors of 5613?
3, 1871
List the prime factors of 497.
7, 71
What are the prime factors of 16371?
3, 17, 107
List the prime factors of 3717.
3, 7, 59
What are the prime factors of 100623?
3, 17, 1973
What are the prime factors of 214?
2, 107
What are the prime factors of 10187?
61, 167
List the prime factors of 76768.
2, 2399
What are the prime factors of 6415?
5, 1283
List the prime factors of 55684.
2, 13921
List the prime factors of 46.
2, 23
What are the prime factors of 14239?
29, 491
List the prime factors of 2843.
2843
List the prime factors of 283.
283
List the prime factors of 22390.
2, 5, 2239
What are the prime factors of 23364?
2, 3, 11, 59
What are the prime factors of 27717?
3, 9239
List the prime factors of 1000.
2, 5
List the prime factors of 11673.
3, 1297
List the prime factors of 919.
919
What are the prime factors of 19608?
2, 3, 19, 43
List the prime factors of 2746.
2, 1373
What are the prime factors of 10481?
47, 223
List the prime factors of 391.
17, 23
What are the prime factors of 2237?
2237
What are the prime factors of 1036?
2, 7, 37
What are the prime factors of 481?
13, 37
What are the prime factors of 1010?
2, 5, 101
What are the prime factors of 2604?
2, 3, 7, 31
What are the prime factors of 89?
89
List the prime factors of 3333.
3, 11, 101
List the prime factors of 443.
443
What are the prime factors of 1534?
2, 13, 59
List the prime factors of 18178.
2, 61, 149
What are the prime factors of 4234?
2, 29, 73
What are the prime factors of 2320?
2, 5, 29
List the prime factors of 34870.
2, 5, 11, 317
List the prime factors of 86133.
3, 28711
What are the prime factors of 33143?
11, 23, 131
List the prime factors of 51680.
2, 5, 17, 19
What are the prime factors of 9047?
83, 109
List the prime factors of 9774.
2, 3, 181
List the prime factors of 1464.
2, 3, 61
List the prime factors of 31460.
2, 5, 11, 13
What are the prime factors of 32327?
32327
What are the prime factors of 6931?
29, 239
What are the prime factors of 1172?
2, 293
What are the prime factors of 5004?
2, 3, 139
What are the prime factors of 3045?
3, 5, 7, 29
List the prime factors of 13971.
3, 4657
What are the prime factors of 26520?
2, 3, 5, 13, 17
What are the prime factors of 3461?
3461
List the prime factors of 33437.
29, 1153
What are the prime factors of 461?
461
What are the prime factors of 9246?
2, 3, 23, 67
List the prime factors of 1043.
7, 149
What are the prime factors of 1050?
2, 3, 5, 7
What are the prime factors of 5415?
3, 5, 19
What are the prime factors of 12361?
47, 263
What are the prime factors of 9954?
2, 3, 7, 79
List the prime factors of 13975.
5, 13, 43
What are the prime factors of 18555?
3, 5, 1237
What are the prime factors of 1205?
5, 241
What are the prime factors of 22748?
2, 11, 47
What are the prime factors of 4362?
2, 3, 727
List the prime factors of 20074.
2, 10037
What are the prime factors of 60818?
2, 47, 647
What are the prime factors of 16766?
2, 83, 101
List the prime factors of 31263.
3, 17, 613
What are the prime factors of 7760?
2, 5, 97
List the prime factors of 14756.
2, 7, 17, 31
What are the prime factors of 1935?
3, 5, 43
What are the prime factors of 24615?
3, 5, 547
List the prime factors of 743.
743
What are the prime factors of 42?
2, 3, 7
What are the prime factors of 9264?
2, 3, 193
What are the prime factors of 572?
2, 11, 13
List the prime factors of 39959.
31, 1289
What are the prime factors of 131061?
3, 7, 79
What are the prime f